 5*u**2 + 4*u + 7. Let o be h(-5). Let l = o + 35. What is the greatest common divisor of 176 and l?
22
Suppose 24*n - 30*n = -216. Suppose -3*b + 262 = 2*g, 3*b + 3*g - 312 = -54. Calculate the greatest common divisor of b and n.
18
Suppose 170 = 5*s - 5*k, k - 54 = -5*s + 104. Calculate the highest common factor of s and 32.
32
Suppose 0*i + 2*i - 10 = 0. Suppose 0 = i*y + 42 + 38. Let h = -4 - y. Calculate the highest common divisor of h and 8.
4
Suppose 36 = 12*r - 10*r. Suppose -2*a + 3*a - 54 = 0. What is the highest common factor of a and r?
18
Let c be (7/(35/6))/((-6)/(-40)). Let i = 2 - 1. Let j(v) = 55*v**3 + 2*v**2 - 2*v + 1. Let a be j(i). Calculate the greatest common factor of c and a.
8
Let l = 5 + -4. Let n = 6 - 3. Calculate the greatest common divisor of n and l.
1
Suppose 2*b = -3*x + 6*x + 9, -2*x - 14 = -4*b. Suppose 0 = -4*c + 2*l + 44, b*c - 25 + 10 = -3*l. Calculate the greatest common divisor of 3 and c.
3
Suppose 3*x - 137 = 556. Calculate the highest common factor of x and 21.
21
Let d = 9 + -4. Suppose -f - 4*c = 5 - 2, 5*c - 30 = -d*f. Let t = -9 - -45. What is the highest common divisor of t and f?
9
Let a be (-55)/(-3) - (6/(-9) + 1). Let f be (-6)/(1 - (-14)/(-12)). Calculate the highest common factor of a and f.
18
Let y(b) = b. Let o(x) = -3*x - 4. Let d = -9 - -8. Let t(j) = d*o(j) - 4*y(j). Let c be t(-7). Calculate the greatest common factor of c and 11.
11
Let a(k) = k**3 - 9*k**2 + 9*k + 1. Let r be (-1 - -3)*1*4. Let j be a(r). Let p = j - 1. What is the highest common factor of p and 1?
1
Suppose 3*c = 2*t + 55 - 20, c + 4*t + 7 = 0. Suppose -k = -0*k + c. Let q be (-1 - 12/k)*6. Calculate the greatest common factor of q and 10.
2
Suppose 0 = y - 3*z + 2*z - 60, -5*z = -20. Calculate the highest common factor of y and 8.
8
Let v = -46 - -54. Calculate the highest common factor of v and 40.
8
Let y = 10 + 0. Let r be (y/(-3))/(2/(-6)). Let n(q) = -q**3 - q**2 + 3*q + 3. Let o be n(-2). Calculate the highest common divisor of o and r.
1
Let a = 3 - -3. Let r be a/33 - 251/(-11). Let k be 72/(-60)*(-460)/6. Calculate the highest common divisor of r and k.
23
Let a(y) = y + 1. Let l be a(1). Suppose l*p = -3*r + p + 31, 16 = 2*r - 4*p. What is the highest common divisor of r and 10?
10
Suppose 3*m - 40 = l, -6*m - 2*l + 52 = -m. Calculate the highest common divisor of m and 78.
6
Let z(a) = a + 5. Let o be z(-9). Let f be 8/o + (53 - 1). Calculate the greatest common factor of f and 20.
10
Let d(w) = -6*w**2 - 7*w - 2 + 0 + w**3 + 2*w**2. Let o be d(5). Let z = 19 + o. What is the greatest common factor of 56 and z?
7
Let u(i) = -i**3 - 16*i**2 + 11*i - 7. Let a be u(-17). What is the greatest common factor of 38 and a?
19
Let i(l) = -l**3 + 2*l + l**2 - l**2 + 7*l**2. Let s be i(4). What is the highest common factor of s and 7?
7
Let c = 85 + -61. Let y be 4/(-10) - (-8)/(-5). Let d(o) = -3*o**3 - o**2 + 3*o + 2. Let h be d(y). What is the greatest common factor of h and c?
8
Suppose -15 = -4*x + x. Let g(o) = o**3 - o**2 - o - 1. Let h be g(2). Let b be (0 + h)/((-2)/(-20)). Calculate the greatest common factor of b and x.
5
Suppose -4*w + 3*q = -240, 4*q + 60 = -0*w + w. Calculate the highest common factor of w and 100.
20
Let f = -94 + 112. What is the highest common divisor of f and 27?
9
Suppose 4*s - 5*f - 9 - 40 = 0, 4*f - 28 = -s. What is the greatest common factor of s and 2?
2
Let q be (60/18)/(1/3). Suppose -x = -q + 1. Suppose 90 - 18 = n. Calculate the highest common divisor of x and n.
9
Let r be 2 - 1 - 1*-6. Suppose -2*g = -49 - r. Let d(a) = -17*a - 26. Let s be d(-4). What is the greatest common divisor of g and s?
14
Suppose 133 = 4*u - 423. Suppose u + 23 = j. Calculate the greatest common factor of j and 18.
18
Let y be (-1935)/6*4/(-6). Let c = y + -116. Calculate the highest common factor of c and 9.
9
Let q(w) = -2*w**3 + w**2 - 4*w + 5. Let d be q(-4). Suppose -3*p + d = -51. Calculate the highest common divisor of p and 9.
9
Suppose 0 = -4*h + 9 + 15. Let z be 3*2/h + 5. Suppose o - 9 = z. Calculate the greatest common factor of o and 15.
15
Let b = 301 + -119. Calculate the greatest common divisor of b and 26.
26
Let o be -2 - ((-33)/9)/(1/24). Calculate the greatest common factor of 215 and o.
43
Suppose 4*d - 83 = -27. What is the highest common divisor of 35 and d?
7
Let i be ((-12)/10 - -1) + (-226)/(-5). What is the highest common factor of 165 and i?
15
Let m = 0 - 0. Suppose i + 0*i - 6 = m. Suppose -3*w + i = -21. What is the highest common factor of w and 72?
9
Suppose 0 = 2*a + 2. Let g(v) = -100*v**3 + v + 1. Let c be g(a). Suppose 5*s - s = c. What is the highest common divisor of s and 5?
5
Suppose -2*z - 5*r + 78 = 0, z = 3*z + r - 70. Suppose -5*j - o + 70 = 0, 2*o = -j + 10 + 4. Let t = z - j. What is the highest common factor of t and 5?
5
Let z be (-8)/(-28) - 4/14. Let t be (z + (-15)/6)*-2. What is the greatest common factor of 10 and t?
5
Let w(a) = -a**2 - 7*a. Let m be w(-6). What is the highest common factor of m and 48?
6
Let g(v) = -4*v + 6 + 6*v + 2*v**2 + 2*v. Let f be g(-4). Let n = f + 0. What is the highest common factor of 33 and n?
11
Let g(v) = v**2 + v - 7. Let q = 8 + -5. Let h be (0 + -2)*q*-1. Let p be g(h). What is the greatest common factor of 5 and p?
5
Suppose -n = 5*b - 22, -6*b + 4*b = n - 28. Calculate the greatest common divisor of n and 96.
32
Let w = 1 + 3. Suppose 19 + 81 = 4*a - 4*u, -4 = w*u. Let p = -14 + a. What is the highest common factor of 80 and p?
10
Let p = -61 - -111. Suppose -p = -5*c - 0*c. Calculate the highest common factor of c and 40.
10
Let s(l) = l**2 + l + 5. Let d be s(6). Let r be (-1)/(-3) + d/3. Calculate the highest common divisor of 24 and r.
8
Let b be (-188)/(-3) + 2/6. Let c = -3 + 6. Suppose 22 = p - c*q, 5*p - 2*q - 45 = -0*q. What is the greatest common divisor of b and p?
7
Suppose -4*i = 2*j - 58, -j + i = -0*j - 35. Let k = j + -1. What is the highest common divisor of 48 and k?
16
Let s be ((-14)/6)/(8/(-240)). What is the greatest common factor of s and 7?
7
Let y(i) = i + 7. Let b be y(-5). Let v = b - -126. What is the highest common factor of 16 and v?
16
Suppose 3*d + 220 = 7*d + 3*q, 5*q + 188 = 4*d. What is the greatest common divisor of 13 and d?
13
Suppose -12 = 2*s + 2*s. Let r = 27 + s. Calculate the greatest common factor of 6 and r.
6
Let q = 4 - -7. Calculate the greatest common factor of q and 11.
11
Suppose 0 = m - 1 - 74. Suppose 0 = -0*b + 2*b + 2*q - 94, -5*q - 165 = -3*b. What is the greatest common factor of b and m?
25
Let b(w) = -w**2 + 13*w + 16. Let c be b(14). Calculate the greatest common factor of 4 and c.
2
Let m be (36/30 - 1/5) + 1. Calculate the greatest common factor of 16 and m.
2
Let m(j) = j**2 - 4*j + 4. Let h be m(4). Suppose 0 = -6*t + 3*t. Suppose t*r = 5*r - 220. What is the highest common divisor of r and h?
4
Let s(u) = -u + 2. Let n be s(8). Let w(d) = -d**2 - 7*d + 7. Let g be w(n). Calculate the greatest common factor of 143 and g.
13
Let n = 28 + -46. Let x be n/(-24) - (-61)/4. What is the highest common factor of x and 32?
16
Let u = 4 - 4. Suppose -5*h + 5 + 5 = u. Suppose -h - 4 = -2*z. Calculate the greatest common factor of 3 and z.
3
Suppose -4*i + 7 - 3 = 0. Calculate the highest common factor of 3 and i.
1
Let i = 128 + 12. Calculate the highest common divisor of i and 20.
20
Suppose 39 = -4*k + 7. Let z(s) = s**3 + 7*s**2 - 8*s + 10. Let l be z(k). What is the highest common divisor of 10 and l?
10
Let a(g) = -g**3 - 13*g**2 + g + 15. Let i be a(-13). Suppose -u - 234 = -i*u. Calculate the greatest common factor of u and 26.
26
Suppose -2*g = -0*g + 4*b - 108, -314 = -5*g + b. Calculate the highest common divisor of g and 155.
31
Let h be (5 + -4)*(2 - -4). What is the greatest common factor of h and 4?
2
Let z be -3 - (1/3)/(2/(-30)). What is the greatest common factor of 26 and z?
2
Suppose 4*f + 5*t = 12, -2*f - 5*t + 20 = 3*f. Calculate the greatest common divisor of f and 2.
2
Let o(t) = -t - 9. Let k be o(-7). Let s be 2 - 0/(k/(-2)). Let i = s + 1. Calculate the highest common divisor of i and 21.
3
Suppose -3*x + 237 = m, 2*x + m - 97 = 60. Calculate the highest common divisor of x and 16.
16
Let l = 41 - 25. Suppose -78 = -c